 + 5)*(-9)/5. What is the highest common factor of 6 and h?
6
Let z(j) = j + 8. Let n be z(-4). Let s = 9 - n. What is the greatest common factor of s and 25?
5
Let c = -3 + 3. Suppose 3*x + 5 = 2*s, -2*s - 2*x + c = -10. Suppose -s*g + 2*d + 52 = 0, 2*d - 8 = 4*d. What is the greatest common factor of g and 1?
1
Suppose 0*r + 2*q = -r + 39, 2*r - 96 = 2*q. What is the highest common divisor of 5 and r?
5
Let x = -65 - -218. Suppose 0 = 5*r - 4 - 21. Suppose -68 = -r*d + d. Calculate the greatest common factor of x and d.
17
Suppose 0 = -2*h + 4 - 2, 0 = 3*w - 2*h + 5. Let q be (-6*30/9)/w. Suppose 0 = -r + 72 - q. Calculate the highest common factor of r and 78.
26
Suppose -5*y = -632 - 268. Calculate the greatest common divisor of y and 20.
20
Let m(a) = 5*a**2 - a. Let k be m(-1). Let s be (2 - k/4)*8. What is the highest common factor of 20 and s?
4
Suppose 5*k = -1 + 6. Let u = 2 + k. Suppose 77 = 5*z - n, 2*z - u*n = -0*z + 36. What is the greatest common factor of z and 165?
15
Suppose -13 = 4*x - 5. Let m be -2*((-12)/x)/(-3). Suppose 0 = m*s - 15 + 3. Calculate the highest common divisor of 27 and s.
3
Let a be 3/(((-30)/16)/(-5)). What is the highest common factor of a and 28?
4
Suppose 2*d - 3765 = -3*d. Suppose 3*w + d = 39. Let k be -2 - w/(-2)*-1. Calculate the greatest common factor of k and 13.
13
Suppose -z = 2*s - 4, -5*s + 10 = -3*z + 2*z. Let k be 10/(-6) + 1/(-3). Let q = s - k. What is the highest common factor of q and 20?
4
Let o = 7 - 5. Let f be -4*((-6)/4 - o). What is the greatest common divisor of f and 56?
14
Suppose 5*p = -54 + 294. Calculate the greatest common factor of 6 and p.
6
Suppose -5*z = -4*l + 15, -l = -4*l + z + 14. Suppose 5 + l = 5*n. Calculate the greatest common factor of 8 and n.
2
Let u = 35 + -10. Let b(s) = -s**2 - 22*s - 21. Let j be b(-16). What is the greatest common factor of j and u?
25
Let p = 50 - 34. Suppose -5*j + 3*j = -p. Suppose -9*a + 13*a - 288 = 0. What is the highest common divisor of j and a?
8
Suppose -4 + 32 = t. What is the highest common divisor of t and 4?
4
Suppose 3 + 3 = 2*f. Suppose -26 - 7 = -f*s. Calculate the greatest common divisor of 33 and s.
11
Suppose 0 = 2*s - r - 42, -4*r = -3*s + 25 + 28. Calculate the greatest common factor of s and 207.
23
Let h(o) = o**2 - 2*o + 10. Let k be h(-5). Calculate the greatest common divisor of k and 9.
9
Suppose 0*q - q - 6 = 0. Let i = q + 12. Calculate the highest common divisor of i and 9.
3
Suppose 79*k + 490 = 84*k. Suppose -v + 2*n + 62 = 3*v, -65 = -4*v + 3*n. What is the greatest common factor of k and v?
14
Let x be 3*1 + -5 + 3. Let g be (-120)/50*(-34 - x). Calculate the greatest common divisor of 12 and g.
12
Let w(i) = -4*i - 69. Let o be w(-24). Calculate the greatest common divisor of 45 and o.
9
Suppose 0 = -5*g + 2*z + 14, -2*g + 12 = -0*g - 4*z. Suppose x - 4 = 2*s, -g*s = -0*x + 5*x - 68. Calculate the highest common factor of x and 12.
12
Suppose -43 - 37 = -4*g. What is the highest common factor of g and 4?
4
Let m(k) be the second derivative of 5*k**4/3 - k**3/6 - k**2/2 + k. Let l be m(-1). Calculate the highest common divisor of 8 and l.
4
Let g be (-615)/(-8) + (-6)/(-48). Calculate the highest common factor of 22 and g.
11
Let r be (2/(-1) - -1)*-1. Let q(n) = -3*n + n**2 + 7*n - r + 6 - 3. Let h be q(-5). Calculate the highest common factor of 49 and h.
7
Let v(p) = -p + 8. Let r be v(-6). Let n = r - 0. Calculate the highest common divisor of 2 and n.
2
Let g(y) = 2*y**2 + 4*y + 4. Let l be g(-3). Let b be 405/l - 2/4. What is the greatest common divisor of b and 16?
8
Suppose -3*r + 92 = -5*y, -r + 2*y + 20 = 3*y. Calculate the greatest common divisor of r and 192.
24
Let i(q) = q**3 - 7*q**2 - 7*q + 1. Let u be i(8). Let t(d) = -d**2 + 7*d - 11. Let s be t(9). Let a = s - -101. Calculate the highest common factor of a and u.
9
Let w(j) = -25*j + 4. Suppose 7 = y - 2. Let r(t) = 6*t - 1. Let k(o) = y*r(o) + 2*w(o). Let q be k(3). What is the highest common factor of 11 and q?
11
Let p(r) = 0*r**2 - 5*r**2 - 4*r + 4 + r**3 - 2*r. Let t be p(6). Suppose 7*z - t*z = 12. Calculate the highest common factor of 10 and z.
2
Suppose -3*p = -8 + 2. Suppose -45 = -p*s + 81. Calculate the highest common factor of s and 9.
9
Let u = 6 - 4. Suppose 7 = -5*g + 4*l, -g - l - u = -2*l. Let w be 0 - ((-1 - 2) + 0). What is the greatest common divisor of w and g?
1
Let g = 138 - 68. Let n(z) = -z**2 + z + 4. Let p be n(0). Suppose p*t - g = -t. What is the greatest common divisor of 35 and t?
7
Let b be (-10)/4*12/(-15). Suppose b + 3 = -5*h. Let n = h - -5. What is the highest common factor of n and 10?
2
Suppose -2 = 3*f + 7, 0 = 3*x + f - 6. Suppose r = 5*i + 47 + 114, -x*i = 2*r - 361. Calculate the greatest common divisor of 16 and r.
16
Let m = -3 + 4. Let q be (-1 + 0)*-2 - 3. Let c be q - m - (-7 - 0). Calculate the greatest common factor of 20 and c.
5
Suppose 202 - 76 = 3*r. Calculate the greatest common factor of r and 6.
6
Suppose -7 + 51 = 4*v. Let z(y) = -3*y - 2. Let o be z(-2). Let k(j) = 2*j**3 - 5*j**2 - 4*j + 1. Let a be k(o). What is the highest common factor of v and a?
11
Let z(g) = 8*g**3 - g + 1. Let n be z(1). Suppose 2*o + 2*u - 4*u - n = 0, -4*o = 3*u - 9. Calculate the greatest common divisor of 6 and o.
3
Let o be ((-140)/6)/(2/(-18)). Let q = o - 146. Calculate the greatest common factor of 8 and q.
8
Suppose -2*y + 3 = -5. Let i be (1 + 0)/((-1)/(-3)). Suppose -y*f + 2*w + w = -54, -i*f + 2*w + 40 = 0. Calculate the greatest common divisor of f and 36.
12
Let p = 39 + -35. What is the highest common divisor of 6 and p?
2
Let a = 19 - 8. Suppose -g + 112 = 21. Suppose 0 = 4*z + 3*f - 41 - g, -4*f = 4*z - 132. Calculate the highest common divisor of z and a.
11
Let n = 95 + -30. Let h = 145 - n. Let g be (1 - -23)*(-4)/(-3). What is the greatest common divisor of h and g?
16
Let s be (-1)/(3 - 2) - 1. Let a = 7 + s. Let f = 91 + -61. What is the greatest common factor of f and a?
5
Let f(j) = -j**2 + j + 3. Let y be -1*-1*(-3)/(-1). Let i be f(y). Let u be (-2 - -2)/(-1) - i. Calculate the greatest common factor of u and 27.
3
Let r = 109 - 51. Let v be (-2)/(-6) - r/(-6). What is the highest common divisor of v and 40?
10
Suppose -4*t - 3*o + 45 = 0, 10 = -o - o. Calculate the highest common factor of t and 10.
5
Suppose 0 = -j + 4 + 5. Calculate the greatest common divisor of j and 9.
9
Let i(l) = 12*l - 3. Let k be i(4). What is the greatest common factor of k and 18?
9
Let o(d) = 16*d**2 - 4*d + 6. Let t be o(5). Suppose -3*i + 462 + 315 = 4*n, 2*n - t = -2*i. Calculate the greatest common divisor of 18 and n.
18
Let u = -27 - -48. Let i(l) = -l**3 - 3*l**2 + 8*l + 3. Let r be i(-6). What is the greatest common factor of r and u?
21
Let v(c) = 5*c - 3. Let t be v(3). Suppose -t = -2*u - 0*u. Calculate the highest common divisor of 3 and u.
3
Let a = -4 - -5. Suppose -5 = -3*v + a. Let r = 0 - -2. What is the greatest common factor of r and v?
2
Let c(o) = -3*o + 1. Let u be c(-5). What is the greatest common divisor of u and 8?
8
Let b be (-2 - -1)*(0 + -7). Suppose 0 = 2*v - 1 - b. What is the highest common divisor of v and 20?
4
Let i(x) = 12*x**2 + 3*x - 4. Let q be i(2). Suppose q = 2*c - 60. Calculate the greatest common divisor of c and 5.
5
Let z = -83 + 95. Calculate the highest common factor of z and 24.
12
Let o be (-2181)/(-33) + (-13)/143. Calculate the greatest common divisor of o and 22.
22
Let k = 0 + 3. Suppose 0 = -3*i + k + 6. Suppose -13*s = -10*s - 9. What is the highest common factor of s and i?
3
Let f = 5 + 1. Let b = -3 + f. Let n be -1*3/b*-4. Calculate the highest common factor of n and 6.
2
Let n(k) = -k**2 + 6. Let m be n(0). What is the greatest common factor of m and 54?
6
Let l(q) = -q**2 - 8*q + 9. Let m be l(-9). Let z be 4 + 3/(-12)*m. Calculate the greatest common factor of 32 and z.
4
Let m be (-636)/(-10) + -2 + 21/15. What is the highest common factor of m and 42?
21
Let g be (-11)/(44/(-360)) + 2/2. What is the highest common divisor of 14 and g?
7
Suppose -75 = -3*k + 2*z, -2*k + 0*k + 50 = z. Let l = k + 15. What is the highest common divisor of 8 and l?
8
Let o(a) = a - 4. Let l be o(7). Suppose 0 = l*g + 2*g - 35. Suppose -d - 70 = -5